f b(7)?
2, 7, 11
Suppose -5*t + 10 = 0, -9 = -5*r + 4*t + 3. Suppose 0 = r*z - 2*b - 1644, 5*b - 4*b = 4*z - 1640. What are the prime factors of z?
409
Let u be 3 + (-1 - -2) + -3. Let f be -3 - (u - (598 - 0)). Suppose 14 = -5*m + f. List the prime factors of m.
2, 29
Suppose 327890 = 2*p + 3*p - 5*h, 4*p = 5*h + 262310. What are the prime factors of p?
2, 3, 5, 1093
Let m(a) = a**2 + 12*a + 43. Let r be m(-5). Suppose 0 = r*w - 11*w + 1221. What are the prime factors of w?
11, 37
Let l be -2*(-8334)/(-4)*1/(-3). Suppose 8*n = l + 3027. What are the prime factors of n?
2, 3, 23
Suppose -432 = p + p. Let w = 2834 - 2849. Let q = w - p. What are the prime factors of q?
3, 67
Let r(z) = -22*z**3 + 2*z**2 - 4*z - 4. Let g be r(2). Let y = 769 + g. What are the prime factors of y?
19, 31
Let t(n) = -n**3 + 15*n**2 + 20*n + 20. Let z be t(16). Suppose 7*s = 3*s + z. Suppose w - 3*w = -a - 6, 0 = -w - 4*a + s. What are the prime factors of w?
5
Let b(j) = -1409*j + 27. Let d be b(-2). Suppose 0 = -6*x + d + 2939. List the prime factors of x.
2, 241
Let h be 24/(-264) - (-12651)/11. Suppose -o - 469 = -2*m, 5*m - h = -0*o - 2*o. What are the prime factors of m?
2, 29
Suppose -46*r - 6960306 = 118*r - 17152414. List the prime factors of r.
29, 2143
Suppose 0 = -2*w - 5*c + 36883, -122*w + 120*w = 3*c - 36885. What are the prime factors of w?
2, 3, 29, 53
Suppose 371*a - 366*a = -25, -3*y - 5*a = -31523. What are the prime factors of y?
2, 11, 239
Let t = -59 + 65. Suppose -91*f = -94*f + t. List the prime factors of 15/10*f*(-34)/(-6).
17
Let m(k) = 49430*k - 203. What are the prime factors of m(1)?
3, 61, 269
Let g(x) = -5*x - 28. Let c be g(-6). Suppose -b + 76 = 3*b + c*y, 5*b - 93 = -3*y. List the prime factors of (-107)/(-5) - (b/(-35) - 0).
2, 11
Let b be (-4 + 3)/(1/107). Let d = b - -107. Suppose 3*u - 123 - 195 = d. List the prime factors of u.
2, 53
What are the prime factors of -3*(-21)/9 - (-205656)/44?
31, 151
Let z be (6 - (2105 - -3))*(-1)/2. Suppose z = 2*d - 5*t, 0*t - 4*t = -5*d + 2619. List the prime factors of d.
523
Let h = -4412 + 1747. Let l = -1373 - h. List the prime factors of l.
2, 17, 19
Let s(w) = 23*w + 519. Let b be s(-16). Let i(t) = -6*t**3 - 1. Let a be i(-1). Suppose -3*q + b = a*r - 0*q, -77 = -3*r + 5*q. List the prime factors of r.
29
Suppose 3*k = 2*j - 15, 0 = 5*j + 5*k - 95 - 5. Let q = j + -9. Suppose 4*z - q*z = -134. List the prime factors of z.
67
Suppose 0 = 4*c + 4*x + 236, -2*x + 177 = 3*c - 6*c. Let u = 56 + c. List the prime factors of -12*(u/2)/(10/20).
2, 3
Suppose 4*s + a - 4549 = 1394, 2*a + 2964 = 2*s. Suppose -s - 257 = -2*v + 4*z, 3*z + 2622 = 3*v. List the prime factors of v.
877
Let r = 11994 - -1217. What are the prime factors of r?
11, 1201
Suppose 5*s + 30 = 3*n, 0*n + 5 = -2*n - 5*s. Suppose -2*k + f + 1422 = 0, -6*f + n*f + 711 = k. What are the prime factors of k?
3, 79
List the prime factors of (-72)/720 - 466443/(-30).
2, 13, 23
Let r be (-4)/6*1107/(-18). Suppose -65*t = -66*t + r. What are the prime factors of t?
41
Let y = -12489 - -27694. What are the prime factors of y?
5, 3041
Suppose -g = -3*g - 2*f - 6, 4*g = 3*f + 9. Suppose v - 17*v + 6736 = g. List the prime factors of v.
421
Let i = -96 - -18. What are the prime factors of 14166/26 - 12/i?
5, 109
Let f = -44 - -93. Let k = 145 - f. Let n = k + -70. What are the prime factors of n?
2, 13
Let f(v) = v**3 + 7*v**2 + 9*v + 7. Let u be f(-6). Let h(r) = -96*r - 96*r - 3 + 0 + 187*r. What are the prime factors of h(u)?
2, 13
Suppose 2*n = -4*n + 36. Suppose 0 = 5*g - 2*o + n*o - 770, 4*g - 2*o = 590. What are the prime factors of g?
2, 3, 5
Suppose 2*y + 18 = -n, -4*y - 4*n + 20 - 56 = 0. Let b(g) = 15*g**2 - 15*g - 134. List the prime factors of b(y).
2, 19
Let r(n) = -n**3 - 9*n**2 + 3*n + 25. Let q be r(-9). List the prime factors of (1038/18)/(q/(-12)).
2, 173
List the prime factors of ((-492)/410)/((-3)/6440).
2, 7, 23
Suppose -2*u + 43876 = 9*n - 5*n, 2*u + 10984 = n. What are the prime factors of n?
2, 13, 211
Let b = -5061 - -13103. What are the prime factors of b?
2, 4021
Let s be 0/(((-6)/1)/3). Let f be s*1/(-3) + 1. Suppose -3*q + 16 = o - f, -o = -5*q + 7. List the prime factors of o.
2
Let o(a) = 253*a**3 + a**2 - 63*a + 177. What are the prime factors of o(3)?
2, 3, 569
Suppose 49*j - 52*j + 35383 = -109244. List the prime factors of j.
7, 71, 97
Suppose 3*k + 3*j = -0*k - 129, -3*j - 177 = 4*k. Let z be (1/3)/((-2)/18). List the prime factors of (-4400)/k - (z - -2)/3.
2, 23
Let l = 598 + 711. Let t = l - 865. Suppose 0 = 5*h + 4*q - t, -5*h = -4*h + 5*q - 72. List the prime factors of h.
2, 23
Suppose t = -4*i + 6 - 3, -4*t = -i - 29. What are the prime factors of (-6)/t*(-3 - 88/8)?
2, 3
Let s(h) = 11072*h**3 - 11025*h**3 - 6*h**2 - 12 + 2*h - 2*h. List the prime factors of s(3).
3, 401
List the prime factors of ((-18)/(-12))/(17/72522).
3, 79
Let a(k) = -1253*k**3 + 9*k**2 + 33*k + 27. List the prime factors of a(-2).
11, 911
Suppose -o + 0*s - s + 481 = 0, -3*s = 0. Suppose -2*a - 7 = 1, 5*n + 1731 = -4*a. Let i = n + o. List the prime factors of i.
2, 3, 23
Let x(c) be the third derivative of c**5/20 + 11*c**4/24 + c**3 + 4*c**2 - 2. Let r be x(-4). What are the prime factors of ((1 + -2)*1)/(r/(-3070))?
307
Let u = 5295 - 1818. Let d = u + -1693. List the prime factors of d.
2, 223
Suppose -42102 = -4*o - 1535*b + 1537*b, -5 = -5*b. What are the prime factors of o?
2, 19, 277
Suppose 5*u + 4*t = 1105, 5*u - 12*t - 1110 = -15*t. Suppose v = -4*d - u + 1881, 435 = d - 5*v. What are the prime factors of d?
5, 83
Suppose 106382 = 37*h - 107441. List the prime factors of h.
5779
Let b be 188/6*12/8. Let a = b - -124. List the prime factors of a.
3, 19
Suppose -23*i = -17*i - 30. Suppose 4*h - 16 = 0, i*t - 4*h - 3 = -24. List the prime factors of 4/12 + t + 32/3.
2, 5
List the prime factors of 14/(-196)*-21*-3*60206/(-9).
30103
Let u = -16114 + 52211. What are the prime factors of u?
36097
Suppose 5*z - 746 = 724. Let r = -144 + z. Let m = r - 100. List the prime factors of m.
2, 5
Let k = 41070 + -34123. What are the prime factors of k?
6947
Let z(t) = -2*t**3 + 75*t**2 + 160*t + 17. List the prime factors of z(38).
3, 11, 47
Suppose -6831 = -5*r + 4*k, -10*k + 13*k + 1364 = r. Suppose r = 7*w - 635. List the prime factors of w.
2, 11, 13
Let s(j) = 4*j**3 - 3*j**2 + 9*j - 47. Let l(r) = r**3 + r**2 + 2*r. Let q(u) = -5*l(u) + s(u). What are the prime factors of q(-11)?
3, 109
Suppose 0 = c - 2, -2*o + 11872 = -3*c - c. Suppose -15*i - 3*i = -o. What are the prime factors of i?
2, 3, 5, 11
Let m(p) be the third derivative of -7*p**6/48 - 11*p**4/8 - 36*p**2. Let b(o) be the second derivative of m(o). List the prime factors of b(-1).
3, 5, 7
Suppose 127*x - 18 = 121*x. What are the prime factors of -6*(-258)/27*x?
2, 43
Let m = 226 - 247. What are the prime factors of ((-2072)/m + 2)*3?
2, 151
Let b(n) = 18*n**2 + 36*n - 1020. What are the prime factors of b(55)?
2, 3, 5, 1847
Let d(f) = 305*f + 4726. List the prime factors of d(-14).
2, 3, 19
Let d(n) be the first derivative of -n**2 - 11 + 1/3*n**3 - 27*n. What are the prime factors of d(13)?
2, 29
Suppose -d = 2*u - 147 + 26, -240 = -2*d - 2*u. Let g = d + 68. Suppose a + 324 = 2*k, k = -4*a - 25 + g. What are the prime factors of k?
2, 3
Suppose -7*w + 213 = -5*w - 3*i, -5*w - 5*i + 495 = 0. Let j = 265 - w. What are the prime factors of j?
163
Let v(t) be the third derivative of t**5/60 - t**4/3 - 16*t**3/3 - 11*t**2. Let r be v(13). Suppose -29*a + r*a - 432 = 0. List the prime factors of a.
2, 3
Let f be -231 + 230 - (1 - 7). Let n be (102 + 1)*(-2 - -3). Suppose y + y - f*r - 186 = 0, -n = -y + 5*r. List the prime factors of y.
83
Let p(v) = 347*v**2 - 3*v + 10. Let n be p(2). Suppose 7*o = o + n. What are the prime factors of o?
2, 29
Let g = 708 + -1140. Let r be g/(-2) - (6 - (-20)/(-4)). What are the prime factors of 9*5/75*r?
3, 43
Let z = -12733 + 25964. List the prime factors of z.
101, 131
Let p(n) = -n**3 - 28*n**2 - 96*n + 15. Let f be p(-24). What are the prime factors of 11010/25 - (-5 - (-81)/f)?
2, 5, 11
Suppose -62 - 49 = 3*r. Let c = 91 + r. What are the prime factors of c?
2, 3
Let m = 588 - -1182. List the prime factors of m.
2, 3, 